
7, 1289
Let x(p) = 2*p**2 + 7*p + 5. Let o be x(-7). What are the prime factors of (o*12/(-126))/(4/(-42))?
2, 3
Let h(z) = 1479*z**3 + z**2 + z - 1. Let w(y) = -y**3 + 4*y**2 + 5*y + 1. Let g be w(5). List the prime factors of h(g).
2, 5, 37
Suppose 101*l + 16092 - 185267 = 0. List the prime factors of l.
5, 67
Let l be 13170/40*(-40)/(-6). Let c = l - 1278. List the prime factors of c.
7, 131
List the prime factors of (-10754255)/382*(-2)/5.
11261
Let p = 149 - -257. Let f = 884 - p. Let q = f - 340. List the prime factors of q.
2, 3, 23
Suppose 106 + 34 = 4*l. Suppose -22*f = -27*f + l. Suppose f*m = 2*m + 610. List the prime factors of m.
2, 61
Let s(h) = 7*h + 4. Let b be s(1). Suppose 400 = 12*y - b*y. Suppose 4*m - y = -0*m. List the prime factors of m.
2, 5
Let p = 55950 - 30259. What are the prime factors of p?
23, 1117
Suppose -2*h = -6*h + 196. Let c = -49 + h. Suppose k - 4*k + 150 = c. What are the prime factors of k?
2, 5
Let u = 24 + -24. Let p = u - -4. Suppose 4*m + 3*z - 285 = 4, -329 = -p*m + 5*z. What are the prime factors of m?
2, 19
Let n(z) = z**2 + 6*z + 24. Let o be n(-5). Let k(p) = 3*p**2 - 7*p - 66. List the prime factors of k(o).
2, 13, 17
Let y be (6/(-7))/((-42)/147). Suppose -4*l = 3*z - 4577, 2003 = 3*z + y*l - 2572. List the prime factors of z.
1523
Let k = 51449 - 30356. List the prime factors of k.
3, 79, 89
Let m(d) = -27*d**2 + 5*d + 12. Let p(v) = 82*v**2 - 14*v - 35. Let a(q) = -13*m(q) - 4*p(q). List the prime factors of a(-8).
2, 191
Suppose 2*v + 3*k - 502 = 0, -14*v + 12*v = -2*k - 482. List the prime factors of (-4940)/(-14) - (-35)/v.
353
Let s = -28089 + 16818. Let h be (s/6)/(-13) + (-2)/4. Suppose -h - 22 = -2*q - 4*n, -5*n - 10 = 0. List the prime factors of q.
3, 29
Let f(u) = -3181*u - 10245. What are the prime factors of f(-11)?
2, 12373
Suppose -i - 21 = -4*i. Let u be (-4)/1 - (-119 + -2 + -3). Suppose -u = -i*t + 4*t. List the prime factors of t.
2, 5
Let l(v) be the second derivative of -v**4/12 - 67*v**3/6 + 207*v**2/2 - 68*v. List the prime factors of l(-50).
7, 151
Let s(n) = -n**3 + 6*n**2 - 9*n + 28. Let a be s(5). Let j(i) = 58*i - 119. List the prime factors of j(a).
3, 5, 23
Suppose 0 = -3*a - 2*o + 28 - 11, -3*a + 13 = -2*o. Suppose a*r - 54 - 49 = 4*u, -2*r - 16 = u. What are the prime factors of u/(-77) + 502/7?
2, 3
Let m = 2343 - -3452. List the prime factors of m.
5, 19, 61
Let b(u) = -9*u + 117. Let v be b(13). Suppose y - 5*n - 511 = v, -6*n - 2*n - 8 = 0. List the prime factors of y.
2, 11, 23
Let i(p) = p + 13. Let v be i(-11). Suppose -v*m + 6*m = 5*o - 1740, 3*m = o - 337. What are the prime factors of o?
2, 11
What are the prime factors of ((-15153)/(-15))/(27/135)?
5051
Let l = -22 - 15. Let n = l - -40. Suppose -n*p = 160 - 472. List the prime factors of p.
2, 13
Suppose 12680 = -29*b + 39*b. Let k = b + -874. List the prime factors of k.
2, 197
Suppose 23526 = 5*n - 3*p, 402*n - 397*n - 23528 = 4*p. List the prime factors of n.
2, 3, 7
Let q = 6027 + -2562. What are the prime factors of q?
3, 5, 7, 11
Suppose 0 = r - 278 - 712. Suppose -4*i = 7*i - r. Let s = -33 + i. List the prime factors of s.
3, 19
Let h(u) = -u - 9. Suppose -2*o + 74 = 32. Let c(d) = -d**2 + 19*d + 23. Let s be c(o). What are the prime factors of h(s)?
2, 5
Let m = 38 - 38. Suppose m = 4*v - 2*g - 244, -7*v + 3*v + g + 240 = 0. What are the prime factors of v?
59
Let l be (-30)/(-40) - (-3)/12. What are the prime factors of 62/(-93)*(-2*l + -898)?
2, 3, 5
Let b(q) = 5*q**2 + 6*q - 28. Let j = 491 - 503. What are the prime factors of b(j)?
2, 5, 31
Suppose -4*p - v = 84, -4*p - 86 + 10 = 3*v. Let u be (6/(-4))/(11/p). List the prime factors of 2 + (12/10)/(u/100).
2, 3, 7
Let d = 118 - 60. Suppose 2*p + 2*s - d - 46 = 0, s = -3*p + 154. Suppose -3*f - 5*r + 42 = -2*f, f - 4*r = p. List the prime factors of f.
47
Suppose 3*c = 4*a - 9749, 0 = -9*a + c + 24122 - 2181. List the prime factors of a.
2, 23, 53
Let v(p) = -2*p**2 + 19*p - 4. Let k = -2 - -11. Let c be v(k). Let q(j) = 13*j + 16. What are the prime factors of q(c)?
3
Let b = -12243 + 34383. What are the prime factors of b?
2, 3, 5, 41
Let w(z) = -z**3 - 68*z**2 - 48*z - 627. List the prime factors of w(-68).
3, 293
Suppose -80*l - 80*l = -172*l + 109284. What are the prime factors of l?
7, 1301
Suppose -133296 = 133*k - 137*k + 4*q, -2*q + 33342 = k. What are the prime factors of k?
2, 3, 5, 11, 101
Suppose -5*h + 5*y = -92612 - 44908, -5*y = 3*h - 82504. List the prime factors of h.
7, 3929
Suppose -2*l - 5*a + 48931 = -38404, 3*a = 7*l - 305775. What are the prime factors of l?
2, 3, 5, 7, 13
Let j(m) = m**3 - 3*m**2 + 10*m + 10. Let p be j(5). Suppose 3*x - 8*x + p = 0. Suppose -4*t + x = -2*t. List the prime factors of t.
11
Let s = -14959 + 37830. What are the prime factors of s?
22871
Suppose 0 = 2*i - 3*v - 602, 2*i - 2*v + 315 = 3*i. Suppose -3*j = -2*x + 157, -4*x = 3*j - 2*j - i. What are the prime factors of x?
7, 11
Suppose -2580*o = -2571*o + 27. Let v be (-8 + 0)*3/4. List the prime factors of 15*(5 + o)*(-8)/v.
2, 5
Let g = 0 - 0. Let h(k) = -2*k**3 + 3*k**2 + 10*k - 16. Let i be h(2). Suppose 3*d = -i*d - 3*y + 117, g = -3*y - 12. List the prime factors of d.
43
Let g(a) = a**2 + 10*a - 17. Let b be g(-9). Let r = b + 31. Suppose -3*n - n = -12, -r*l = -4*n - 613. List the prime factors of l.
5
Suppose 4*l + 2*t - 2522 = 10172, -3184 = -l - 4*t. Suppose -443 = -15*a + l. What are the prime factors of a?
241
Let t = -473 + 934. Let v = t - 280. What are the prime factors of v?
181
Let u(t) = 728*t + 1295. List the prime factors of u(13).
7, 29, 53
Let o = 2355 + -873. Suppose -5*w = -4*k - 10*w + 2959, 2*k = -2*w + o. List the prime factors of k.
2, 373
Let v be 10/(-70) + (-3488)/(-14). What are the prime factors of v/36 - (-2)/24?
7
Let f(u) = u**2 + 6*u + 9. Let k be f(-8). Let a(p) = 2*p + 0 - 9 - k - 18*p. List the prime factors of a(-5).
2, 23
Let t(y) = y**2 + 4*y - 4. Suppose 0 = -g - 1 - 5. Let n be t(g). Suppose 2*r - 64 = -n. What are the prime factors of r?
2, 7
Let k(c) = 19*c**2 + 6*c**3 - 48*c - 30 + 65*c - 7*c**3. What are the prime factors of k(19)?
293
Suppose 1119*g = 1071*g + 475728. What are the prime factors of g?
11, 17, 53
Let m(l) = 12621*l + 291. List the prime factors of m(1).
2, 3, 269
Suppose -10*c + 1488 = -2*c. Suppose -n + c = -38. List the prime factors of n.
2, 7
Let b(t) = -t**2 - 5*t + 8. Let v be b(-5). Suppose 0 = -3*p - 2 + v. Suppose 0 = -p*m + 4*m - 5*h - 146, 2*m = -5*h + 126. What are the prime factors of m?
2, 17
Let c(w) = w**3 - 3*w**2 + 9*w - 10. Let p be c(8). What are the prime factors of (0 - 4) + 3*p/6?
11, 17
Let b = 32 - 28. Suppose -l + b = -134. Suppose 2*g = -0*g + 4*s + 266, -3*s = -g + l. What are the prime factors of g?
3, 41
Let d(f) = -f**3 + 3*f**2 + 4*f - 4. Suppose 25 = -5*y - 5. Let r be d(y). Let o = r - 188. List the prime factors of o.
2, 3
Suppose -4*c - 9 = -2*b + 1, -2*b - 11 = 3*c. Let v be c/5*(-75)/15. Suppose 198 = 4*g - v*s - 30, 2*s = g - 62. List the prime factors of g.
2, 3
Suppose -750*v + 760*v + 11927 - 86947 = 0. List the prime factors of v.
2, 11, 31
Let j be -60 + 8 - (2 + -1). Let d = -332 - j. What are the prime factors of (-2 - d/2) + (-3)/2?
2, 17
Let s(n) = -n**3 - 3*n**2 + 8*n - 2. Let w = 78 - 41. Let j = -43 + w. List the prime factors of s(j).
2, 29
Let w(k) = 10*k + 8 - 54*k + 630*k**2 + 20*k + 16*k + 15*k. What are the prime factors of w(-1)?
631
List the prime factors of 408/(-85)*(-2125)/10 + -1*5.
5, 7, 29
Suppose k + 4979 = -4*y + 27210, 0 = -7*y + 2*k + 38893. What are the prime factors of y?
5557
Suppose 0 = -4*p + m + 39629, -24*m = -5*p - 26*m + 49546. What are the prime factors of p?
2, 2477
Let q(p) = 415*p**2 + 30*p - 124. What are the prime factors of q(5)?
3, 3467
Suppose -99*i + 133*i - 77588 = 0. List the prime factors of i.
2, 7, 163
Suppose -7*t = -865 - 115. Let b = t + -94. Suppose -b - 61 = -o. List the prime factors of o.
107
Let m(o) = -2*o**2 - 8*o + 45. Let v be m(3). What are the prime factors of (3634/3 - v) + 4/(-3)?
17, 71
Let m be 675/95 - (-4)/(-38). Suppose 2*b = -3*q + 1270, -m*q + 4*b = -2*q - 2080. List the prime factors of q.
2, 3, 5, 7
Let v(i) = -5*i**3 + 2*i**2 + 3*i + 4. Let w(p) =